8 + 2. Suppose v - k*v = -212. Is v a composite number?
False
Is ((-13085)/10)/1*-2 a composite number?
False
Suppose 3*a = -0*a + 9. Suppose -a*v = -1 - 218. Let u = 6 + v. Is u composite?
False
Let z = 1589 + -920. Is z a prime number?
False
Suppose 0*o + 4*o - 12 = 0. Let a be (8/6 - -1)*o. Suppose 5*w + a = -3, 5*w + 107 = b. Is b composite?
False
Suppose 0*z - 5*z = 2740. Let s = z + 897. Suppose -3*p - 2*b = -81 - 182, 4*p + 3*b - s = 0. Is p a prime number?
False
Suppose 15*d + 4*b + 1966 = 18*d, 4*d = -4*b + 2668. Is d a composite number?
True
Let s be (2 - -3) + 2/(-1). Suppose -607 = 5*p - 5*a - 2562, -s*p - 4*a = -1201. Let d = p - 0. Is d composite?
True
Let p = 227 + -587. Let m = p - -1301. Is m a composite number?
False
Suppose -l + 4 = 5*b, 8 = -3*l + 4*b + 1. Let j = 6 + l. Suppose 106 = c - 5*q, -c - c + j*q + 212 = 0. Is c a prime number?
False
Let b(u) = -2*u**3 - 4*u**2 - 3*u. Let a be b(-2). Suppose -5 = o + a. Let t(d) = d**2 + 5*d + 8. Is t(o) composite?
True
Is 2/(-10)*0 - -5327 a prime number?
False
Let g = 4798 + -2065. Is g a composite number?
True
Let l(x) be the first derivative of 28*x**3/3 + x**2/2 - x + 10. Is l(-2) a prime number?
True
Let g(m) be the first derivative of m**4/4 + 4*m**2 + 10*m - 2. Suppose v = 5*p - 13, -3*p = -4*v + 2*p + 8. Is g(v) a composite number?
False
Let i(x) be the first derivative of -5*x**4/4 - 2*x**3/3 - x**2/2 - x + 11. Is i(-4) a prime number?
False
Suppose -339934 = -321*q + 307*q. Is q a prime number?
True
Suppose 32*y - 129206 = 10*y. Is y prime?
False
Let n = -3147 - -5914. Is n composite?
False
Let h = -6347 - 264. Let c = -3889 - h. Is c prime?
False
Let f be ((-2)/(-9))/(((-8)/(-9))/8). Suppose t + 188 = 5*t. Suppose -3*l + 4*i - t = -585, -2*i - f = 0. Is l prime?
False
Let u(o) = -2 + 58*o**2 - 5 + 7*o + 14. Is u(-4) a prime number?
True
Suppose -29*k - 5*q + 22436 = -26*k, -14952 = -2*k + 2*q. Is k prime?
True
Suppose -4*x = -5*x + 2*n + 29685, 3*x = 2*n + 89075. Is x composite?
True
Let w = -9 + 13. Let h = w - 4. Suppose 0*u - 4*u + 3076 = h. Is u prime?
True
Let h = 90 + -95. Is h - (-1052)/(-8)*-4 composite?
False
Let q(g) = g**2 - 3 + g**3 - g**3 + g - g**3. Let i be q(0). Is -31*(i + (2 - 0)) prime?
True
Let l = 1091 - 682. Is l a composite number?
False
Let x be -1*(-4)/8*4. Suppose x*l - 4*c = -6, -5*l - 90 = -0*c + 5*c. Let z(v) = -v**3 - 13*v**2 - 15*v - 4. Is z(l) a prime number?
True
Is 2 + 13547/4 + (-3)/(-12) prime?
True
Let h = -75 + 95. Is 3 + (-56)/h - 11508/(-10) a composite number?
False
Let r = 18 - 5. Suppose 3*d - 5 = -5*k, 5 + r = 2*d - 4*k. Let p(a) = 2*a**2 + a + 4. Is p(d) a composite number?
False
Let d be 611/52 + (-6)/8. Let z = 4 + d. Is ((-423)/(-27))/(1/z) composite?
True
Let g = 4548 + 3269. Is g composite?
False
Suppose -q = 2*w - 4200, q - 737 = 2*w + 3467. Suppose -8*l - q = -10*l. Is l/33*6/2 prime?
True
Suppose -v = -0 + 12. Let d = v - -16. Suppose -d*n + 1431 = -565. Is n prime?
True
Let m = -46 + 50. Suppose m*l - 696 = -2*g, 6*g - 2*l = 3*g + 1084. Is g a composite number?
True
Suppose -3*q + 8*q - 5 = 0. Let n be ((-4)/q)/((-8)/12). Let g(s) = -s**2 + 8*s + 14. Is g(n) a composite number?
True
Let r be 11 - 7/((-14)/(-4)). Let a(w) = -w**3 + 8*w**2 + 10*w - 4. Let q be a(r). Suppose q*g = 2*g + 12. Is g prime?
False
Let x be 2/(-4)*(0 + 2). Let a = 2 - x. Suppose -a*n + 442 = -0*n + 5*m, -3*n = 4*m - 443. Is n composite?
False
Suppose 6*k - 3900 = -6*k. Let p = k + -147. Is p prime?
False
Let k(o) = o - 6. Let g be k(11). Suppose 2*f = -5*j + 125, f - 39 = g*j + 1. Suppose -5*a + f = -140. Is a a prime number?
False
Suppose 4*f - 2*a = -36, -f - 4*f = -4*a + 45. Let x = f - -11. Suppose -4*n + 4445 = -5*w, 995 + 126 = n + x*w. Is n composite?
True
Let w be 8/(-6)*-36*1. Suppose 3*d = -d + w. Let s(h) = 28*h - 5. Is s(d) composite?
False
Suppose 18*w + 15 = 23*w. Suppose -a - 798 = -3*r + 1790, w*a = 5*r - 4312. Is r composite?
False
Let o = 5025 - 10733. Let d be o/(-12) - 12/(-9). Suppose -h + d + 80 = 0. Is h a prime number?
True
Suppose 5*t + 3*w = 6200, -4*t - 4*w - 961 + 5921 = 0. Suppose 4*a - 12 = 0, 4*f + 0*a - t = -4*a. Is f a composite number?
False
Suppose i + 2 = 2*i. Suppose i*k = 5*s + 268, -k - 3*s = -5*s - 132. Suppose -2*w + 2 = 0, 5*a = -2*w + 731 - k. Is a a prime number?
False
Let c(m) = -m**3 + 3*m**2 - m + 4. Let r be c(3). Let u be (-51524)/55*5/r. Is (-9)/(-21) + u/(-14) a composite number?
True
Suppose -1512983 = 14*z - 75*z. Is z a composite number?
True
Let l = -85 - -85. Suppose l*w - 2*w = 2*r - 60, 4*w - 146 = -5*r. Is r a prime number?
False
Let s(h) = -872*h + 33. Is s(-5) composite?
True
Let n be 73 + -3 - (5 + -2). Let i = -11 + -34. Let l = i + n. Is l prime?
False
Let x = -56 - -58. Suppose x*q = 51 + 11. Is q composite?
False
Let h be (0 + 1)*(-9)/9. Let i(w) = -5*w**3 - w**2 + w + 1. Let m be i(h). Suppose 2*k = -0*k + n + 169, -m*n = 2*k - 184. Is k prime?
False
Let f(k) = k**3 + 14*k**2 + 13*k - 3. Let d be f(-13). Let r(z) = -3*z. Let p be r(d). Is 2959/9 - (-2)/p a prime number?
False
Let f = -43 - -44. Is (3 - (3 + f)) + 128 a prime number?
True
Suppose -1121 = 9*p - 130730. Is p prime?
True
Let w be (-2)/11 - (-2954)/154. Let x = 192 + w. Is x a prime number?
True
Suppose 3*k - 55 = 65. Let r = k - -43. Is r a composite number?
False
Let q(t) be the third derivative of -t**6/120 - t**4/24 - t**3/2 + 13*t**2. Let y be (4/(-4))/(2/8). Is q(y) a composite number?
True
Suppose -8*p + 3*p = -715. Suppose 5*l - 6 = 4. Suppose 2*x = 6*x - 3*u - 577, -l*u - p = -x. Is x prime?
False
Let d = -46774 - -82035. Is d prime?
False
Let h be (-2)/6 + (-1936)/33. Let f = h - -100. Suppose -5*z = -9 - f. Is z a composite number?
True
Suppose 3*n - 6 = 6, -m = 3*n + 1697. Let y = 2400 + m. Is y a prime number?
True
Suppose 7 = 5*n - 5*b + 4*b, 2*n = 4*b - 8. Suppose n*a - 4*h = -0*a + 5218, 4*h = a - 2607. Is a composite?
True
Suppose -9*x + 4*x = -4*x. Let o(h) = -5*h. Let w be o(-1). Suppose x = w*v - 4*v - 201. Is v composite?
True
Let j(g) = -10*g**2 - 49*g + 1. Let k(d) = -7*d**2 - 33*d + 1. Let b(q) = 5*j(q) - 7*k(q). Is b(-9) prime?
True
Suppose -5*h + 2*l + 16 = 0, -3*h - l - 5 = -19. Suppose 0 = -h*i + 58 - 10. Suppose n - 1085 - 858 = -4*q, -4*n = -i. Is q composite?
True
Let y(n) = 2*n - 19. Let r be y(7). Is (-1940)/r*(-3)/(-4) a composite number?
True
Let r be (-3 + 69/15)/(8/5860). Suppose 6*j - 2*j = r. Is j composite?
False
Suppose 20*g - 149 = 131. Let v(b) = 7*b**2 - 21*b + 21. Is v(g) a prime number?
False
Let h = -17 - -23. Let j = -3 - -2. Is (6 - j)*h/3 composite?
True
Let y(k) = -128*k**3 - 5*k**2 + 14*k + 20. Is y(-3) a prime number?
True
Let r(p) = -p**3 - 9*p**2 - 14*p + 14. Let u be r(-7). Is (-3 - (-197)/(-2))/((-7)/u) a composite number?
True
Let q = 7693 + -4416. Is q a composite number?
True
Suppose i = 17 - 2. Suppose b + 3*j + 1 = -0, b - 5*j - i = 0. Suppose 0 = -b*m + u + 271, -4*m + 208 = -u - 8. Is m a prime number?
False
Let i(g) = g**3 + 6*g**2 - 53. Is i(18) a prime number?
True
Suppose l = 2*l - 3071. Is l a prime number?
False
Is 10973/3*(10 - 7) a composite number?
False
Suppose m = -m - 4. Is (8749/26)/((-1)/m + 0) a prime number?
True
Let h = -92 + 64. Is (-4)/14 - 126988/h prime?
False
Let l = 4130 + 1851. Is l a prime number?
True
Let l = 6156 + -3383. Is l a prime number?
False
Is 908 + (-45)/((-5)/1) prime?
False
Suppose 5*b = -2153 + 11598. Is b composite?
False
Let x(t) = -1 - t - 5 + 4*t - 3 + 16*t**2. Let o be x(5). Suppose 0 = -4*q + 6*q - o. Is q prime?
False
Suppose -3*q - 4 - 5 = 0, -4*c + 3*q + 45 = 0. Suppose 6*h = c*h - 1905. Is h a composite number?
True
Let r(d) = -1947*d. Let z be r(-4). Is (-6 - -4)/(2 + z/(-3891)) prime?
True
Let h(b) = 61*b + 41. Let g be h(16). Let j = 38 + g. Is j a prime number?
False
Let s = -13587 + 20980. Is s a prime number?
True
Let q = 2919 - 2075. Suppose 27*a - q = 23*a. Is a a prime number?
True
Let c(m) = 555*m**2 - 31*m + 185. Is c(7) a prime number?
False
Let v(c) = 21*c**3 + c - 2. Let q be v(1). Let a be 16495/q + 2/8. Suppose -272 - a = -5*m - 4*w, m + w - 219 = 0. Is m prime?
False
Let y = -1 + 2. Let t be (-8 - y)/(-2 + 3). Is 2/t + 3068/36 a composite number?
True
Suppose i = 0, 10095 = 3*t + 2*